nd y?
22
Let y = -7 - -70. Let s be 12 + -9 - (-1 - 72/(-1)). Let u = 110 + s. What is the greatest common divisor of y and u?
21
Let w = 8 + -18. Let t(n) = 12*n - 10. Let a be t(3). Let d = a + w. Calculate the greatest common divisor of 80 and d.
16
Let o be (-820)/(-123) - (-464)/6. Suppose -5*i - 3*p + 48 = -162, -4*i = 4*p - 168. What is the highest common divisor of o and i?
42
Let w be (-132)/36 + 4/6. Let s = 8 + w. Let b = s + -3. Calculate the greatest common divisor of 8 and b.
2
Let w = 447 + -167. Suppose 0*u - 4*u - 4*t = -w, 3*u + 5*t = 200. Let z be 180/u*(15 + 0). Calculate the highest common factor of 4 and z.
4
Suppose 0*p + 3*c = -2*p + 383, 5*p - 949 = c. What is the highest common factor of p and 152?
38
Suppose -6*y - 144 = -9*y + 3*r, -r + 1 = 0. Let m be (-6)/(-4)*10 - 1. Calculate the highest common factor of y and m.
7
Let w(f) = -f**3 - 17*f**2 - 6*f + 41. Let k be w(-17). Calculate the highest common divisor of 117 and k.
13
Suppose 6*w = -14 + 44. Suppose -w*o = -237 - 258. What is the greatest common divisor of 22 and o?
11
Let x be ((-150)/(-50))/(9/3741). Calculate the highest common divisor of x and 29.
29
Let z = -19 - -21. Let m = 1 + z. Calculate the highest common divisor of m and 6.
3
Suppose m + 4*m = -3*u + 226, -2*m - 2*u + 92 = 0. Let x = -40 + 75. Let j = x + -24. Calculate the greatest common divisor of m and j.
11
Let z = 3 + 22. Let a = -14 + z. What is the greatest common divisor of 1 and a?
1
Let i(c) = -c**2 - 17*c - 29. Let w be i(-14). Let n = w - 4. What is the greatest common divisor of 108 and n?
9
Let n be (3 - 1)*(-241)/2. Suppose -464 = 4*s + l, 3*s + s + 2*l + 468 = 0. Let j = s - n. Calculate the greatest common factor of j and 14.
14
Suppose -h - u - 2*u = -21, h - 3*u - 15 = 0. Let n = -1015 - -1060. What is the greatest common factor of n and h?
9
Let r(g) = -15 + 2*g - 2*g**3 + 15. Let x be r(-5). Suppose -6*i + x = -2*i. What is the highest common divisor of 30 and i?
30
Let d(z) = z**3 + 5*z**2 - 8*z + 7. Let p be d(-6). Let q = p - 13. Calculate the highest common divisor of 9 and q.
3
Let x(o) = o**2 - 2*o - 3. Let c be x(5). Let q(s) = s - 2. Let m be q(c). What is the highest common divisor of m and 2?
2
Let r = -49 + 19. Let i = 81 + r. What is the greatest common factor of i and 17?
17
Let p(z) = 3*z**2 - 23*z - 86. Let u be p(17). Calculate the greatest common factor of 60 and u.
30
Let n be -1 - 2 - (61 + 1). Let h = 11 - -84. Let o = h + n. What is the greatest common factor of 6 and o?
6
Let o(w) = -w**3 - 2*w**2 - 14*w - 75. Let r be o(-4). Let q(p) = 64*p + 1. Let v be q(1). What is the greatest common divisor of v and r?
13
Let v = -66 + 70. Suppose -7*y + 12 = -9*y. Let x = -2 - y. Calculate the greatest common factor of x and v.
4
Let v(m) = -58*m + 97. Let d be v(-6). Calculate the highest common factor of d and 623.
89
Suppose 330 + 6 = 12*z. Calculate the greatest common divisor of 16 and z.
4
Let j(n) = -n**3 + 8*n**2 + n + 8. Let x be j(4). Suppose -3*k - 3 = 4*h - 5*h, 0 = 4*h + 4*k - x. Calculate the highest common factor of 5 and h.
5
Let a be 4/(-8)*-8 - -87. Let q = 185 - 172. Calculate the greatest common divisor of q and a.
13
Let o(j) = -j**2 + 9*j - 7. Let k be o(7). Let c = k + -7. Suppose 3*a = -5*i + 72, 0 = -5*i - 4*a + 71 - c. Calculate the highest common divisor of i and 60.
15
Suppose -2*h - 5*m + 2 = 0, 2*h + 10 = -0*h + m. Let p = 6 - h. Calculate the greatest common factor of 70 and p.
10
Suppose -65*h - 672 = -81*h. What is the highest common factor of 154 and h?
14
Let y(l) = -36*l - 19. Let z(s) = 2*s**2 - 9*s - 1. Let p be z(4). Let w be y(p). What is the greatest common factor of 23 and w?
23
Suppose 4*y - y = -6*y. Suppose 5*w - 15 = y, -4*n - n = 5*w - 1225. Calculate the highest common divisor of n and 22.
22
Let m = 1447 - 1405. Calculate the greatest common divisor of 114 and m.
6
Suppose g - 7 - 1 = 0. Let o = -6 + g. Suppose 0*s - o*w + 2 = -s, 4 = 2*w. Calculate the highest common factor of 1 and s.
1
Suppose 0 = -6*n + 4*n + 18. Let p(k) be the first derivative of 7*k**2/2 - 12*k - 1. Let o be p(n). Calculate the highest common divisor of o and 17.
17
Let x(d) = 5*d - 13. Suppose -p - 2*p + 5*a - 6 = 0, 0 = 2*p + 3*a - 15. Let k be x(p). Calculate the greatest common divisor of 5 and k.
1
Suppose -4*s - 1671 + 1863 = 0. What is the highest common factor of s and 132?
12
Suppose -m + 5*f = -35, 5*m + 2*f - 4 = 36. Suppose -24*c + 50*c = 1040. Calculate the greatest common factor of c and m.
10
Let h(t) = t**2 + 2*t - 3. Let z be h(-7). What is the greatest common divisor of z and 176?
16
Suppose 0*q + 4*q - 48 = 0. Let p be (-2 + 2*-11)/(30/(-45)). Calculate the greatest common divisor of p and q.
12
Let y be -6*1*1*-4. Let d = -66 + 90. Calculate the highest common divisor of d and y.
24
Suppose p - 306 = -3*v + 6, -2*v + p = -208. What is the highest common factor of 16 and v?
8
Let w(d) = -2*d**3 - 88*d**2 - 2*d - 87. Let s be w(-44). Calculate the greatest common factor of 59 and s.
1
Let j(u) be the third derivative of u**5/20 - 7*u**4/24 - 10*u**3/3 + 31*u**2. Let k be j(9). Calculate the greatest common factor of 32 and k.
32
Let x(g) = 21*g**2 + g. Let o be x(1). Let a be 34/187 + (-1038)/o. Let k be (-4)/(-2) - (a - -1). What is the greatest common factor of 12 and k?
12
Suppose -z + 0 = -4. Let c(g) = 2*g**2 + 6*g - 4. Let x be c(z). Calculate the highest common factor of 130 and x.
26
Suppose 2654 = 38*g - 9202. What is the highest common factor of 78 and g?
78
Let s be (-422)/(3*(-6)/27) + 5. Calculate the greatest common factor of 22 and s.
22
Let r = 145 + -75. Let g = -47 + 75. What is the greatest common factor of g and r?
14
Let t be (-6 - -5) + -1389*1/(-3). Calculate the highest common factor of 126 and t.
42
Let p be -438*(-1 + (-5)/10). What is the greatest common factor of p and 146?
73
Let l(t) = 4*t**2 + 19*t - 1. Let m be l(-5). Calculate the highest common divisor of 2 and m.
2
Let q(m) = -2*m**3 + 7*m**2 - 7*m + 12. Let r be q(-6). Calculate the highest common factor of 12 and r.
6
Let w(l) = -l**2 - 10*l + 3. Let u be w(-7). Let j be (-4)/(-22) - 658/(-11). What is the greatest common factor of j and u?
12
Let k be 2/(-12) + (-1880)/(-48). Suppose -k + 109 = 5*u. Suppose -3*b - c - 2*c + 96 = 0, -u = -b + 5*c. Calculate the greatest common factor of b and 232.
29
Suppose 3*p = 4*t - 0*p - 386, 396 = 4*t + 2*p. Let g = -83 + t. Calculate the greatest common factor of g and 60.
15
Let s(a) = -a**3 - 17*a**2 + 4*a + 32. Let p be s(-17). Let l be (p/(-7))/((-507)/(-84) + -6). What is the highest common factor of l and 48?
48
Suppose -2*b + 3 = 5*k, 5*b - 95 = k + 4*k. Let w be (21/b)/(1/2). Suppose 15 = w*i, 4*i + 11 = -p + 63. Calculate the highest common divisor of 48 and p.
16
Let g(r) = r**3 + 13*r**2 + 9*r - 1. Let o be g(-12). What is the highest common factor of o and 140?
35
Let f = 223 + -199. Let j(n) = 4*n**2 - 2*n + 10. Let p be j(7). What is the highest common divisor of p and f?
24
Suppose -5*j - 50 + 325 = 0. Calculate the highest common factor of j and 154.
11
Suppose -5*f = -9*f + 188. Let y = 119 - f. Let z = 9 + 0. Calculate the highest common factor of y and z.
9
Let r(u) = -u**3 - 5*u**2 + 2*u - 19. Let p be r(-6). Calculate the greatest common factor of 80 and p.
5
Suppose 60 = 5*o - 2*k, 0*o - 3*o = 3*k - 36. Let f be -9*(-1)/4*16/(-6). Let b be o/f + -2 + 130. Calculate the highest common divisor of 14 and b.
14
Let k(o) = -o**3 + 56*o**2 - 54*o - 11. Let w be k(55). What is the greatest common divisor of w and 2860?
44
Let d = -1026 + 1042. What is the highest common factor of 648 and d?
8
Let m(l) = -2*l**2 - l + 4. Let t(f) = 3*f**2 + f - 5. Let a(z) = 5*m(z) + 4*t(z). Let s be a(1). Calculate the highest common factor of 4 and s.
1
Let f = 163 + -82. Calculate the greatest common factor of 189 and f.
27
Let f = 73 - 51. Suppose 29*v = 22*v + 616. What is the greatest common factor of v and f?
22
Let u(z) = -3*z + 89. Let j be u(18). Calculate the greatest common divisor of j and 875.
35
Let w(k) = -5*k - 7. Let r be w(-2). Let p = 37 + r. Suppose 40 = 2*j + 2*h, 5*j = 2*h - h + 76. Calculate the greatest common divisor of j and p.
8
Let a(r) = 18*r - 167. Let g be a(27).